{"id":58,"date":"2017-08-28T13:57:45","date_gmt":"2017-08-28T13:57:45","guid":{"rendered":"http:\/\/localhost\/wp%20jesenice\/?page_id=58"},"modified":"2025-05-05T13:54:16","modified_gmt":"2025-05-05T11:54:16","slug":"bolnisko-maziljenje","status":"publish","type":"page","link":"https:\/\/zupnija-jesenice.si\/index.php\/zakramenti\/bolnisko-maziljenje\/","title":{"rendered":"Bolni\u0161ko maziljenje"},"content":{"rendered":"<p>Apostol Jakob v svojem pismu pi\u0161e: \u00bb\u010ce je kdo med vami bolan, naj pokli\u010de stare\u0161ine Cerkve in naj nad njim molijo ter ga v Gospodovem imenu pomazilijo z oljem.\u00ab (Jak 5,14) Bolni\u0161ko maziljenje je namenjeno molitvi za ozdravljenje bolnika.<\/p>\n<p>Priporo\u010damo revijo Prijatelj, ki je revija bolnikov, invalidov in njihovih prijateljev. Spletna povezava: <a href=\"https:\/\/revija-prijatelj.si\/\">https:\/\/revija-prijatelj.si\/<\/a>.<\/p>\n<h1>Kdaj in kje prejeti maziljenje?<\/h1>\n<p><img fetchpriority=\"high\" decoding=\"async\" class=\"size-medium wp-image-180 alignright\" style=\"border: solid #eee 10px;\" src=\"http:\/\/89.212.70.198\/wp-content\/uploads\/2018\/01\/cathopic_1490970628248289-300x200.jpg\" alt=\"\" width=\"300\" height=\"200\" srcset=\"https:\/\/zupnija-jesenice.si\/wp-content\/uploads\/2018\/01\/cathopic_1490970628248289-300x200.jpg 300w, https:\/\/zupnija-jesenice.si\/wp-content\/uploads\/2018\/01\/cathopic_1490970628248289-768x512.jpg 768w, https:\/\/zupnija-jesenice.si\/wp-content\/uploads\/2018\/01\/cathopic_1490970628248289-1024x683.jpg 1024w, https:\/\/zupnija-jesenice.si\/wp-content\/uploads\/2018\/01\/cathopic_1490970628248289-24x16.jpg 24w, https:\/\/zupnija-jesenice.si\/wp-content\/uploads\/2018\/01\/cathopic_1490970628248289-36x24.jpg 36w, https:\/\/zupnija-jesenice.si\/wp-content\/uploads\/2018\/01\/cathopic_1490970628248289-48x32.jpg 48w\" sizes=\"(max-width: 300px) 100vw, 300px\" \/><\/p>\n<p>Bolni\u0161ko maziljenje lahko prejmemo, ko hudo zbolimo (rak, kap, tudi psihi\u010dne bolezni, &#8230;) ali ko smo pred ve\u010djim zdravni\u0161kim posegom (operacija, &#8230;). Mo\u017eno ga je prejeti tudi pri rizi\u010dni nose\u010dnosti. Prav tako priporo\u010damo, da ga starej\u0161i (pribli\u017eno nad 65 let) prejmejo enkrat letno.<\/p>\n<p>Za prejem zakramenta pokli\u010dite duhovnika in se dogovorite, ali bo kraj\u0161i obred potekal po sv. ma\u0161i v \u017eupniji, pri vas doma, v domu za ostarele ali v bolnici.<\/p>\n<h1>Oskrba bolni\u0161nice<\/h1>\n<p>V na\u0161i \u017eupniji skrbimo tudi za duhovno oskrbo <em>Splo\u0161ne bolni\u0161nice Jesenice<\/em>.<\/p>\n<p>Ob <strong>torkih <\/strong>ob <strong>17.00 (september &#8211; maj) oz. ob 8.00 (junij &#8211; avgust) <\/strong>je v kapeli bolni\u0161nice <strong>sveta ma\u0161a<\/strong>. Za to\u010dne podatke preglejte seznam sv. ma\u0161, ki je v Pismu faranom.<\/p>\n<p>\u010ce do kapele ne zmorete, lahko do vas pride duhovnik; va\u0161o \u017eeljo sporo\u010dite osebju bolni\u0161nice ali pokli\u010dite na spodnji telefon. Bolniki lahko po pogovoru prejmete zakramente svete spovedi, bolni\u0161kega maziljenja in sveto obhajilo.<\/p>\n<p>\u017eupnijski telefon: 064 223 978<\/p>\n","protected":false},"excerpt":{"rendered":"<p>Apostol Jakob v svojem pismu pi\u0161e: \u00bb\u010ce je kdo med vami bolan, naj pokli\u010de stare\u0161ine Cerkve in naj nad njim molijo ter ga v Gospodovem imenu pomazilijo z oljem.\u00ab (Jak 5,14) Bolni\u0161ko maziljenje je namenjeno molitvi za ozdravljenje bolnika. Priporo\u010damo revijo Prijatelj, ki je revija bolnikov, invalidov in njihovih prijateljev. Spletna povezava: https:\/\/revija-prijatelj.si\/. Kdaj in [&hellip;]<\/p>\n","protected":false},"author":1,"featured_media":59,"parent":11,"menu_order":50,"comment_status":"closed","ping_status":"closed","template":"","meta":{"footnotes":""},"class_list":["post-58","page","type-page","status-publish","has-post-thumbnail","hentry"],"post_mailing_queue_ids":[],"_links":{"self":[{"href":"https:\/\/zupnija-jesenice.si\/index.php\/wp-json\/wp\/v2\/pages\/58","targetHints":{"allow":["GET"]}}],"collection":[{"href":"https:\/\/zupnija-jesenice.si\/index.php\/wp-json\/wp\/v2\/pages"}],"about":[{"href":"https:\/\/zupnija-jesenice.si\/index.php\/wp-json\/wp\/v2\/types\/page"}],"author":[{"embeddable":true,"href":"https:\/\/zupnija-jesenice.si\/index.php\/wp-json\/wp\/v2\/users\/1"}],"replies":[{"embeddable":true,"href":"https:\/\/zupnija-jesenice.si\/index.php\/wp-json\/wp\/v2\/comments?post=58"}],"version-history":[{"count":15,"href":"https:\/\/zupnija-jesenice.si\/index.php\/wp-json\/wp\/v2\/pages\/58\/revisions"}],"predecessor-version":[{"id":2693,"href":"https:\/\/zupnija-jesenice.si\/index.php\/wp-json\/wp\/v2\/pages\/58\/revisions\/2693"}],"up":[{"embeddable":true,"href":"https:\/\/zupnija-jesenice.si\/index.php\/wp-json\/wp\/v2\/pages\/11"}],"wp:featuredmedia":[{"embeddable":true,"href":"https:\/\/zupnija-jesenice.si\/index.php\/wp-json\/wp\/v2\/media\/59"}],"wp:attachment":[{"href":"https:\/\/zupnija-jesenice.si\/index.php\/wp-json\/wp\/v2\/media?parent=58"}],"curies":[{"name":"wp","href":"https:\/\/api.w.org\/{rel}","templated":true}]}}