{"id":442,"date":"2019-02-07T18:36:43","date_gmt":"2019-02-07T18:36:43","guid":{"rendered":"http:\/\/zupnija-jesenice.si\/?page_id=442"},"modified":"2025-09-01T23:58:06","modified_gmt":"2025-09-01T21:58:06","slug":"kateheza-dobrega-pastirja","status":"publish","type":"page","link":"https:\/\/zupnija-jesenice.si\/index.php\/verouk\/kateheza-dobrega-pastirja\/","title":{"rendered":"Kateheza Dobrega Pastirja"},"content":{"rendered":"\n<p>\n<em><strong>za\npred\u0161olske otroke od 3. leta do vstopa v osnovno \u0161olo<\/strong><\/em><\/p>\n\n\n\n<p>Kateheza Dobrega pastirja je celosten na\u010din verske vzgoje za otroke. Delo poteka po na\u010delih pedagogike Marije Montessori. Gre za delo v t.i. atriju, kjer otroci spoznavajo Boga. Poudarek katehistinje je na opazovanju otroka in uvidu kako otroku pomagati, da sam vzpostavi odnos z Bogom. Delo poteka s preprostimi materiali preko katerih se otrok osredoto\u010di na bistveno. V otroku se preko notranjega \u010dudenja in dela v ti\u0161ini rodi molitev ter za\u010dne graditi odnos z Bogom. Kateheze potekajo v \u017eupniji Breznica, kjer dobite tudi vse podatke glede izvajanja.<\/p>\n\n\n\n<p><br><img decoding=\"async\" width=\"150\" height=\"100\" class=\"wp-image-728\" style=\"width: 150px;\" src=\"https:\/\/zupnija-jesenice.si\/wp-content\/uploads\/2019\/06\/DSC_1792.jpg\" alt=\"\" srcset=\"https:\/\/zupnija-jesenice.si\/wp-content\/uploads\/2019\/06\/DSC_1792.jpg 6000w, https:\/\/zupnija-jesenice.si\/wp-content\/uploads\/2019\/06\/DSC_1792-300x200.jpg 300w, https:\/\/zupnija-jesenice.si\/wp-content\/uploads\/2019\/06\/DSC_1792-768x512.jpg 768w, https:\/\/zupnija-jesenice.si\/wp-content\/uploads\/2019\/06\/DSC_1792-1024x683.jpg 1024w\" sizes=\"(max-width: 150px) 100vw, 150px\" \/><img decoding=\"async\" width=\"150\" height=\"100\" class=\"wp-image-766\" style=\"width: 150px;\" src=\"https:\/\/zupnija-jesenice.si\/wp-content\/uploads\/2019\/06\/DSC_1832.jpg\" alt=\"\" srcset=\"https:\/\/zupnija-jesenice.si\/wp-content\/uploads\/2019\/06\/DSC_1832.jpg 6000w, https:\/\/zupnija-jesenice.si\/wp-content\/uploads\/2019\/06\/DSC_1832-300x200.jpg 300w, https:\/\/zupnija-jesenice.si\/wp-content\/uploads\/2019\/06\/DSC_1832-768x512.jpg 768w, https:\/\/zupnija-jesenice.si\/wp-content\/uploads\/2019\/06\/DSC_1832-1024x683.jpg 1024w\" sizes=\"(max-width: 150px) 100vw, 150px\" \/><img decoding=\"async\" width=\"150\" height=\"100\" class=\"wp-image-700\" style=\"width: 150px;\" src=\"https:\/\/zupnija-jesenice.si\/wp-content\/uploads\/2019\/06\/DSC_1750.jpg\" alt=\"\" srcset=\"https:\/\/zupnija-jesenice.si\/wp-content\/uploads\/2019\/06\/DSC_1750.jpg 6000w, https:\/\/zupnija-jesenice.si\/wp-content\/uploads\/2019\/06\/DSC_1750-300x200.jpg 300w, https:\/\/zupnija-jesenice.si\/wp-content\/uploads\/2019\/06\/DSC_1750-768x512.jpg 768w, https:\/\/zupnija-jesenice.si\/wp-content\/uploads\/2019\/06\/DSC_1750-1024x683.jpg 1024w\" sizes=\"(max-width: 150px) 100vw, 150px\" \/><img loading=\"lazy\" decoding=\"async\" width=\"150\" height=\"100\" class=\"wp-image-615\" style=\"width: 150px;\" src=\"https:\/\/zupnija-jesenice.si\/wp-content\/uploads\/2019\/06\/DSC_1614.jpg\" alt=\"\" srcset=\"https:\/\/zupnija-jesenice.si\/wp-content\/uploads\/2019\/06\/DSC_1614.jpg 6000w, https:\/\/zupnija-jesenice.si\/wp-content\/uploads\/2019\/06\/DSC_1614-300x200.jpg 300w, https:\/\/zupnija-jesenice.si\/wp-content\/uploads\/2019\/06\/DSC_1614-768x512.jpg 768w, https:\/\/zupnija-jesenice.si\/wp-content\/uploads\/2019\/06\/DSC_1614-1024x683.jpg 1024w\" sizes=\"(max-width: 150px) 100vw, 150px\" \/><img loading=\"lazy\" decoding=\"async\" width=\"150\" height=\"100\" class=\"wp-image-692\" style=\"width: 150px;\" src=\"https:\/\/zupnija-jesenice.si\/wp-content\/uploads\/2019\/06\/DSC_1710.jpg\" alt=\"\" srcset=\"https:\/\/zupnija-jesenice.si\/wp-content\/uploads\/2019\/06\/DSC_1710.jpg 6000w, https:\/\/zupnija-jesenice.si\/wp-content\/uploads\/2019\/06\/DSC_1710-300x200.jpg 300w, https:\/\/zupnija-jesenice.si\/wp-content\/uploads\/2019\/06\/DSC_1710-768x512.jpg 768w, https:\/\/zupnija-jesenice.si\/wp-content\/uploads\/2019\/06\/DSC_1710-1024x683.jpg 1024w\" sizes=\"(max-width: 150px) 100vw, 150px\" \/><img loading=\"lazy\" decoding=\"async\" width=\"150\" height=\"100\" class=\"wp-image-609\" style=\"width: 150px;\" src=\"https:\/\/zupnija-jesenice.si\/wp-content\/uploads\/2019\/06\/DSC_1608.jpg\" alt=\"\" srcset=\"https:\/\/zupnija-jesenice.si\/wp-content\/uploads\/2019\/06\/DSC_1608.jpg 6000w, https:\/\/zupnija-jesenice.si\/wp-content\/uploads\/2019\/06\/DSC_1608-300x200.jpg 300w, https:\/\/zupnija-jesenice.si\/wp-content\/uploads\/2019\/06\/DSC_1608-768x512.jpg 768w, https:\/\/zupnija-jesenice.si\/wp-content\/uploads\/2019\/06\/DSC_1608-1024x683.jpg 1024w\" sizes=\"(max-width: 150px) 100vw, 150px\" \/><\/p>\n\n\n\n<p><br><\/p>\n","protected":false},"excerpt":{"rendered":"<p>za pred\u0161olske otroke od 3. leta do vstopa v osnovno \u0161olo Kateheza Dobrega pastirja je celosten na\u010din verske vzgoje za otroke. Delo poteka po na\u010delih pedagogike Marije Montessori. Gre za delo v t.i. atriju, kjer otroci spoznavajo Boga. Poudarek katehistinje je na opazovanju otroka in uvidu kako otroku pomagati, da sam vzpostavi odnos z Bogom. [&hellip;]<\/p>\n","protected":false},"author":1,"featured_media":0,"parent":23,"menu_order":0,"comment_status":"closed","ping_status":"closed","template":"","meta":{"footnotes":""},"class_list":["post-442","page","type-page","status-publish","hentry"],"post_mailing_queue_ids":[],"_links":{"self":[{"href":"https:\/\/zupnija-jesenice.si\/index.php\/wp-json\/wp\/v2\/pages\/442","targetHints":{"allow":["GET"]}}],"collection":[{"href":"https:\/\/zupnija-jesenice.si\/index.php\/wp-json\/wp\/v2\/pages"}],"about":[{"href":"https:\/\/zupnija-jesenice.si\/index.php\/wp-json\/wp\/v2\/types\/page"}],"author":[{"embeddable":true,"href":"https:\/\/zupnija-jesenice.si\/index.php\/wp-json\/wp\/v2\/users\/1"}],"replies":[{"embeddable":true,"href":"https:\/\/zupnija-jesenice.si\/index.php\/wp-json\/wp\/v2\/comments?post=442"}],"version-history":[{"count":5,"href":"https:\/\/zupnija-jesenice.si\/index.php\/wp-json\/wp\/v2\/pages\/442\/revisions"}],"predecessor-version":[{"id":2790,"href":"https:\/\/zupnija-jesenice.si\/index.php\/wp-json\/wp\/v2\/pages\/442\/revisions\/2790"}],"up":[{"embeddable":true,"href":"https:\/\/zupnija-jesenice.si\/index.php\/wp-json\/wp\/v2\/pages\/23"}],"wp:attachment":[{"href":"https:\/\/zupnija-jesenice.si\/index.php\/wp-json\/wp\/v2\/media?parent=442"}],"curies":[{"name":"wp","href":"https:\/\/api.w.org\/{rel}","templated":true}]}}