{"id":23,"date":"2017-08-25T15:08:13","date_gmt":"2017-08-25T15:08:13","guid":{"rendered":"http:\/\/localhost\/wp%20jesenice\/?page_id=23"},"modified":"2025-09-01T23:56:53","modified_gmt":"2025-09-01T21:56:53","slug":"verouk","status":"publish","type":"page","link":"https:\/\/zupnija-jesenice.si\/index.php\/verouk\/","title":{"rendered":"Verouk"},"content":{"rendered":"<h1 class=\"western\" align=\"center\"><span style=\"font-size: large;\"><span lang=\"sl-SI\">VEROU\u010cNO LETO 2025\/2026<\/span><\/span><\/h1>\n<p><strong>VEROU\u010cNI URNIK<\/strong><\/p>\n<p><strong>Jesenice<br \/>\n<\/strong>1. in 2. razred: ponedeljek ob 17.00<br \/>\n3. razred: torek ob 15.00<br \/>\n5. razred: sreda ob 17.00<br \/>\n6. razred: ponedeljek ob 18.00<br \/>\n7. razred: torek ob 16.00<br \/>\n8. \u2013 9. razred: torek ob 18.00<strong><br \/>\n<\/strong><\/p>\n<p><strong>Dovje<br \/>\n<\/strong>1. \u2013 3. razred: torek ob 16.30<br \/>\n4. razred: torek ob 15.00<br \/>\n5. \u2013 7. razred: petek ob 15.00<br \/>\nbirmanski kandidati: torek od 18.00 do 19.45 (na Jesenicah)<\/p>\n<p><strong>Sveti Kri\u017e<br \/>\n<\/strong>1. \u2013 4. razred: sreda ob 15.00<br \/>\n5. \u2013 6. razred: sreda ob 16.45<br \/>\n8. \u2013 9. razred: torek ob 18.00 (na Jesenicah)<\/p>\n<p><strong>VPIS V 1. RAZRED<\/strong><\/p>\n<p><strong>Jesenice<\/strong>: \u010detrtek, 28. avgust, od 17.00 do 18.00 (v \u017eupni\u0161\u010du za cerkvijo)<br \/>\n<strong>Sveti Kri\u017e:<\/strong> petek, 29. avgust, ob 17.30 (v \u017eupni\u0161\u010du)<br \/>\n<strong>Dovje:<\/strong> torek, 9. september, ob 17.30; hkrati bo potekalo tudi sre\u010danje za star\u0161e prvo\u0161olcev (v \u017eupni\u0161\u010du)<\/p>\n<p><strong>SRE\u010cANJE ZA STAR\u0160E VSEH VEROU\u010cENCEV<\/strong><\/p>\n<p><em>1. do 7. razred<\/em><br \/>\nZa star\u0161e vseh verou\u010dencev bomo imeli pred za\u010detkom leta skupna sre\u010danja po \u017eupnijah:<br \/>\n<strong>Jesenice<\/strong>: sreda, 3. september, ob 18.00 (v u\u010dilnici v \u017eupnijskem domu)<br \/>\n<strong>Sveti Kri\u017e<\/strong>: petek, 29. avgust, ob 17.30 (v \u017eupni\u0161\u010du)<br \/>\n<strong>Dovje<\/strong>: \u010detrtek, 4. september, ob 17.30 (v \u017eupni\u0161\u010du) (razen za 1. razrede)<br \/>\nNa teh sre\u010danjih bo potekal tudi vpis v vi\u0161ji razred.<\/p>\n<p><em>8. in 9. razred (pripravniki za sv. birmo)<\/em><br \/>\nSre\u010danje za star\u0161e in birmance iz vseh treh \u017eupnij bo v \u017eupni\u0161\u010du <strong>na Jesenicah<\/strong> v torek, 16. septembra, ob 18.00.<\/p>\n<p><strong>GRADIVA ZA VEROUK<\/strong><\/p>\n<p>Na prvem verou\u010dnem sre\u010danju bodo verou\u010denci dobili gradiva za verou\u010dno leto in po zmo\u017enostih poravnali prispevke. \u010ce ima kdo stisko glede priporo\u010denih cen, naj sporo\u010di \u017eupniku.<\/p>\n<p><em>liturgi\u010dni zvezek:<\/em> 4 \u20ac<\/p>\n<p><em>ostali zvezki in u\u010dbeniki:<\/em><\/p>\n<p><strong>Jesenice<\/strong>:<br \/>\n1. \u2013 2. razred: delovni zvezek (15 \u20ac)<br \/>\n3. razred: delovni zvezek (15 \u20ac)<br \/>\n5. \u2013 7. razred: delovni zvezek (17 \u20ac)<br \/>\nbirmanski kandidati: lanskoletni u\u010dbenik<br \/>\n<strong>Dovje<\/strong>:<br \/>\n4. \u2013 7. razred: delovni zvezek (17 \u20ac)<br \/>\nbirmanski kandidati: lanskoletni u\u010dbenik<br \/>\n<strong>Sveti Kri\u017e:<\/strong><br \/>\n1. \u2013 2. razred: delovni zvezek (15 \u20ac)<br \/>\n4. \u2013 7. razred: delovni zvezek (17 \u20ac)<br \/>\nbirmanski kandidati: lanskoletni u\u010dbenik<\/p>\n<p><strong>Prispevek za katehezo<\/strong><br \/>\nza vse stro\u0161ke ogrevanja, \u010di\u0161\u010denja idr.: 50 \u20ac na dru\u017eino. Poravna ga najmlaj\u0161i verou\u010denec.<\/p>\n<p><strong>ZA\u010cETEK VEROU\u010cNEGA LETA<\/strong><br \/>\nVerou\u010dno leto bomo za\u010deli s ponedeljkom, 8. septembra. \u010ce bo pri kak\u0161nem razredu izjema, vam to sporo\u010dijo kateheti. V nedeljo, 14. septembra, bomo pri sv. ma\u0161ah po vseh \u017eupnijah blagoslovili verou\u010dence ter njihove torbe (verou\u010denci jih polo\u017eite pred oltar).<\/p>\n<hr \/>\n<p class=\"western\" align=\"center\"><i><\/i><span style=\"font-size: large;\"><b>Pravila verou\u010dne \u0161ole<\/b><\/span><\/p>\n<p class=\"western\" align=\"justify\">Verouk je pomemben del verske vzgoje. Otrokom pomaga spoznavati Boga in Bo\u017eje \u017eivljenje, ki so ga prejeli pri svetem krstu in ga obnavljamo pri sveti spovedi, sveti ma\u0161i ter ostalih zakramentih. Da bi va\u0161i otroci imeli kar najve\u010d od verouka, potrebujemo nekaj osnovnih pravil.<\/p>\n<p class=\"western\" align=\"justify\">1. Za opravljen razred mora verou\u010denec redno obiskovati verou\u010dne ure in svete ma\u0161e ob nedeljah in zapovedanih praznikih. Udele\u017eba mora biti vsaj 75-odstotna.<\/p>\n<p class=\"western\" align=\"justify\">2. V primeru odsotnosti se je treba opravi\u010diti. Na\u010din opravi\u010dila (ustno ali pisno) dolo\u010di katehet posameznega razreda. Verou\u010denec, ki je manjkal pri uri verouka, se mora do naslednje ure sam pozanimati o obravnavani snovi in narediti doma\u010do nalogo. Razni treningi, tekme, nastopi &#8230; niso opravi\u010dljivi izostanki.<\/p>\n<p class=\"western\" align=\"justify\">3. Zamujanje pomeni neopravi\u010deno uro, razen v primeru predhodnega dogovora s katehetom.<\/p>\n<p class=\"western\" align=\"justify\">4. Otroci morajo pri verou\u010dnih urah s seboj imeti bogoslu\u017eni zvezek, delovni zvezek, u\u010dbenik (\u010de ga imajo), pisalo in copate.<\/p>\n<p class=\"western\" align=\"justify\">5. Za nemoten potek verou\u010dne ure morajo naloge biti narejene in bogoslu\u017eni zvezek urejen. \u010ce je bil otrok pri sveti ma\u0161i v drugi \u017eupniji, kjer ne delijo liturgi\u010dnega listka, star\u0161i v okvir\u010dek napi\u0161ete, kje je bil pri sveti ma\u0161i in se podpi\u0161ete.<\/p>\n<p class=\"western\" align=\"justify\">6. Med verou\u010dno uro se ne j\u00e9, pije ali \u017eve\u010di. Uporaba mobilnih in drugih elektronskih naprav ali predmetov, ki ne sodijo k verouku so med urami verouka prepovedana, zato jih kateheti lahko verou\u010dencem vzamejo in jih vrnejo star\u0161em. Med verou\u010dno uro se ne klepeta. \u010ce \u017eeli otrok govoriti, dvigne roko.<\/p>\n<p class=\"western\" align=\"justify\">7. V primeru neopravljanja doma\u010dih nalog, odsotnosti od verou\u010dnih ur ali svete ma\u0161e ter motenja verou\u010dne ure katehet obvesti star\u0161e in se pogovori o pogojih in mo\u017enostih nadaljevanja verouka.<\/p>\n<p class=\"western\" align=\"justify\">8. Udele\u017eba star\u0161ev na sestankih naj bo samoumevna.<\/p>\n<p class=\"western\" align=\"justify\">9. Star\u0161i ste odgovorni, da otrok opravlja svoje obveznosti.<\/p>\n<p class=\"western\" align=\"justify\">10. Za dogodke pred ali po verou\u010dni uri kateheti ne odgovarjamo, kakor tudi ne za lastnino verou\u010dencev (kolesa, de\u017eniki, telefoni &#8230;).<\/p>\n<p class=\"western\" align=\"justify\">11. Star\u0161i na za\u010detku leta katehetu sporo\u010dite, \u010de otrok zaradi posebnih potreb na osnovi odlo\u010dbe potrebuje kak\u0161ne u\u010dne prilagoditve.<\/p>\n<p class=\"western\" align=\"justify\">12. V primeru izgube verou\u010dnega spri\u010devala, verou\u010denec sam nosi stro\u0161ke izdaje novega spri\u010devala.<\/p>\n<p class=\"western\" align=\"justify\">V primeru nejasnosti se star\u0161i pogovorite s katehetom ali \u017eupnikom.<\/p>\n<p align=\"justify\">\n","protected":false},"excerpt":{"rendered":"<p>VEROU\u010cNO LETO 2025\/2026 VEROU\u010cNI URNIK Jesenice 1. in 2. razred: ponedeljek ob 17.00 3. razred: torek ob 15.00 5. razred: sreda ob 17.00 6. razred: ponedeljek ob 18.00 7. razred: torek ob 16.00 8. \u2013 9. razred: torek ob 18.00 Dovje 1. \u2013 3. razred: torek ob 16.30 4. razred: torek ob 15.00 5. \u2013 [&hellip;]<\/p>\n","protected":false},"author":1,"featured_media":37,"parent":0,"menu_order":0,"comment_status":"closed","ping_status":"closed","template":"","meta":{"footnotes":""},"class_list":["post-23","page","type-page","status-publish","has-post-thumbnail","hentry"],"post_mailing_queue_ids":[],"_links":{"self":[{"href":"https:\/\/zupnija-jesenice.si\/index.php\/wp-json\/wp\/v2\/pages\/23","targetHints":{"allow":["GET"]}}],"collection":[{"href":"https:\/\/zupnija-jesenice.si\/index.php\/wp-json\/wp\/v2\/pages"}],"about":[{"href":"https:\/\/zupnija-jesenice.si\/index.php\/wp-json\/wp\/v2\/types\/page"}],"author":[{"embeddable":true,"href":"https:\/\/zupnija-jesenice.si\/index.php\/wp-json\/wp\/v2\/users\/1"}],"replies":[{"embeddable":true,"href":"https:\/\/zupnija-jesenice.si\/index.php\/wp-json\/wp\/v2\/comments?post=23"}],"version-history":[{"count":31,"href":"https:\/\/zupnija-jesenice.si\/index.php\/wp-json\/wp\/v2\/pages\/23\/revisions"}],"predecessor-version":[{"id":2789,"href":"https:\/\/zupnija-jesenice.si\/index.php\/wp-json\/wp\/v2\/pages\/23\/revisions\/2789"}],"wp:featuredmedia":[{"embeddable":true,"href":"https:\/\/zupnija-jesenice.si\/index.php\/wp-json\/wp\/v2\/media\/37"}],"wp:attachment":[{"href":"https:\/\/zupnija-jesenice.si\/index.php\/wp-json\/wp\/v2\/media?parent=23"}],"curies":[{"name":"wp","href":"https:\/\/api.w.org\/{rel}","templated":true}]}}