{"id":21,"date":"2017-08-25T15:07:24","date_gmt":"2017-08-25T15:07:24","guid":{"rendered":"http:\/\/localhost\/wp%20jesenice\/?page_id=21"},"modified":"2018-01-16T19:05:02","modified_gmt":"2018-01-16T19:05:02","slug":"poroka","status":"publish","type":"page","link":"https:\/\/zupnija-jesenice.si\/index.php\/zakramenti\/poroka\/","title":{"rendered":"Sveti zakon"},"content":{"rendered":"<p>&nbsp;<\/p>\n<p>\u010ce ste se odlo\u010dili za poroko, naj vam najprej \u010destitamo.<br \/>\nPoroka je dogodek, pri katerem se sklene zakrament svetega zakona. Bo\u017eji na\u010drt za mo\u017ea in \u017eeno je, da svoje skupno \u017eivljenje postavita na temelj Njegove ljubezni.<\/p>\n<h1>Kdaj do \u017eupnika?<\/h1>\n<p>Pari, ki bi se radi poro\u010dili, ste povabljeni, da vsaj pol leta pred poroko kontaktirate \u017eupnika in se z njim dogovorite za datum poroke. Prav tako boste takrat prejeli vse potrebne informacije (potek poroke, izdelava zapisnika, &#8230;).<\/p>\n<h1>Priprava na zakon<img fetchpriority=\"high\" decoding=\"async\" class=\"size-medium wp-image-172 alignright\" style=\"border: solid #eee 10px;\" src=\"http:\/\/89.212.70.198\/wp-content\/uploads\/2018\/01\/StockSnap_Z1D7QPZ84F-300x200.jpg\" alt=\"\" width=\"300\" height=\"200\" srcset=\"https:\/\/zupnija-jesenice.si\/wp-content\/uploads\/2018\/01\/StockSnap_Z1D7QPZ84F-300x200.jpg 300w, https:\/\/zupnija-jesenice.si\/wp-content\/uploads\/2018\/01\/StockSnap_Z1D7QPZ84F-768x512.jpg 768w, https:\/\/zupnija-jesenice.si\/wp-content\/uploads\/2018\/01\/StockSnap_Z1D7QPZ84F-1024x683.jpg 1024w, https:\/\/zupnija-jesenice.si\/wp-content\/uploads\/2018\/01\/StockSnap_Z1D7QPZ84F-24x16.jpg 24w, https:\/\/zupnija-jesenice.si\/wp-content\/uploads\/2018\/01\/StockSnap_Z1D7QPZ84F-36x24.jpg 36w, https:\/\/zupnija-jesenice.si\/wp-content\/uploads\/2018\/01\/StockSnap_Z1D7QPZ84F-48x32.jpg 48w\" sizes=\"(max-width: 300px) 100vw, 300px\" \/><\/h1>\n<p>Par, ki se namerava poro\u010diti, mora opraviti pripravo na zakon. V na\u0161i \u0161kofiji je ponudba precej \u0161iroka, ogledate pa si jo lahko tukaj:<\/p>\n<p><a href=\"http:\/\/nadskofija-ljubljana.si\/druzina\/priprava-na-krscanski-zakon-2016\/\"><button>PRIPRAVA NA KR\u0160\u010cANSKI ZAKON<\/button><\/a><\/p>\n<h1><\/h1>\n<hr \/>\n<p>&nbsp;<\/p>\n","protected":false},"excerpt":{"rendered":"<p>&nbsp; \u010ce ste se odlo\u010dili za poroko, naj vam najprej \u010destitamo. Poroka je dogodek, pri katerem se sklene zakrament svetega zakona. Bo\u017eji na\u010drt za mo\u017ea in \u017eeno je, da svoje skupno \u017eivljenje postavita na temelj Njegove ljubezni. Kdaj do \u017eupnika? Pari, ki bi se radi poro\u010dili, ste povabljeni, da vsaj pol leta pred poroko kontaktirate [&hellip;]<\/p>\n","protected":false},"author":1,"featured_media":41,"parent":11,"menu_order":70,"comment_status":"closed","ping_status":"closed","template":"","meta":{"footnotes":""},"class_list":["post-21","page","type-page","status-publish","has-post-thumbnail","hentry"],"post_mailing_queue_ids":[],"_links":{"self":[{"href":"https:\/\/zupnija-jesenice.si\/index.php\/wp-json\/wp\/v2\/pages\/21","targetHints":{"allow":["GET"]}}],"collection":[{"href":"https:\/\/zupnija-jesenice.si\/index.php\/wp-json\/wp\/v2\/pages"}],"about":[{"href":"https:\/\/zupnija-jesenice.si\/index.php\/wp-json\/wp\/v2\/types\/page"}],"author":[{"embeddable":true,"href":"https:\/\/zupnija-jesenice.si\/index.php\/wp-json\/wp\/v2\/users\/1"}],"replies":[{"embeddable":true,"href":"https:\/\/zupnija-jesenice.si\/index.php\/wp-json\/wp\/v2\/comments?post=21"}],"version-history":[{"count":7,"href":"https:\/\/zupnija-jesenice.si\/index.php\/wp-json\/wp\/v2\/pages\/21\/revisions"}],"predecessor-version":[{"id":210,"href":"https:\/\/zupnija-jesenice.si\/index.php\/wp-json\/wp\/v2\/pages\/21\/revisions\/210"}],"up":[{"embeddable":true,"href":"https:\/\/zupnija-jesenice.si\/index.php\/wp-json\/wp\/v2\/pages\/11"}],"wp:featuredmedia":[{"embeddable":true,"href":"https:\/\/zupnija-jesenice.si\/index.php\/wp-json\/wp\/v2\/media\/41"}],"wp:attachment":[{"href":"https:\/\/zupnija-jesenice.si\/index.php\/wp-json\/wp\/v2\/media?parent=21"}],"curies":[{"name":"wp","href":"https:\/\/api.w.org\/{rel}","templated":true}]}}